 - 27 = -3. Let j(k) = k**2 + 2*k - 1. Determine j(g).
2
Suppose -i - 2*n = -10, 0 = -0*i - i - 5*n + 16. Let z(r) = -r**3 + 7*r**2 - 7*r - 4. Calculate z(i).
-10
Let a(d) = -d - 1. Let q(c) = 3*c + 3. Let b(v) = 4*a(v) + q(v). Calculate b(-2).
1
Suppose -5 = 5*r + 2*o + 16, 0 = -5*r - 5*o - 30. Let p(h) be the first derivative of -h**4/4 - 2*h**3/3 + 3*h**2/2 - 4*h + 1. Calculate p(r).
-4
Suppose -11*a + 6*a = -10. Let d(p) = -2*p**2 + 5*p**2 + 1 + 2*p**3 - 6*p**2. Give d(a).
5
Let g(n) = n - 1. Let v = -4 + 3. Let q(u) = -4*u + 10. Let k(b) = v*q(b) - 5*g(b). Let x = 83 - 83. Calculate k(x).
-5
Let x(g) = -g - 5. Suppose -4*i + 5*r - 1 = -0*i, 0 = -i + 4*r + 8. Give x(i).
-1
Let b(d) = -d - 3. Let q be b(-9). Suppose -q - 10 = -4*l. Let h(j) = l*j - 3*j + 3 - 1. Give h(-5).
-3
Let l be ((-2)/6)/(1/3). Let j(w) = w**3 - 3*w**2 + 7. Let f(v) = -v**2 + v - 1. Let d(r) = l*j(r) - 3*f(r). What is d(5)?
6
Let u be 40/(-12)*12/10. Let m(d) = -d**3 - 5*d**2 - 2*d - 6. Calculate m(u).
-14
Let x = -11 - -7. Let h = -2 - x. Let r(a) = 3 - 1 - 3 - a**2. Determine r(h).
-5
Suppose 1 = 3*x + 2*v - 8, -5*v + 13 = -2*x. Let q(p) = -x - 3*p - 1 + 2*p. Let c be (3/9)/(1/(-9)). Give q(c).
1
Let d(f) = -f**3 + 3*f**2 - 10*f - 3. Let l(h) = h**3 - 2*h**2 + 9*h + 3. Let c(t) = -5*d(t) - 6*l(t). Suppose -10 = 3*i + 2*i. Calculate c(i).
1
Suppose -x = y - 4*x + 4, -5*y - x - 20 = 0. Let j(t) = -t**2 - 3*t - 4. Give j(y).
-8
Let t(q) = 2*q**3 - q**2 - q + 1. Let g be (2 + (-5)/2)*-2. Let p be g/4 - 3/(-4). Give t(p).
1
Let r(z) = z**3 - z**2 + 3*z - 2. Suppose -2*g - 3*w - 6 = 12, -3*g - 27 = 2*w. Let t be (-1)/((g/(-6))/(-3)). Give r(t).
8
Let z(r) be the first derivative of 1 - 1/2*r**2 + 2/3*r**3 + 1/4*r**4 - r. What is z(-2)?
1
Let i be -4 + -2 + 3/1. Let g(n) be the third derivative of n**5/60 + n**4/12 - n**3/3 + 16*n**2. Calculate g(i).
1
Let h(b) = -b**2 + 4*b - 4. Let r be (-1 + 0)/((-4)/16). Let x be h(r). Let l(w) = -w**2 - 4*w + 3. What is l(x)?
3
Let x(q) = -5*q**2 - 62 + 6*q**2 + 68. Give x(0).
6
Let i(y) be the second derivative of 1/3*y**4 + 2*y**2 + 0 + 1/20*y**5 + 2/3*y**3 + 3*y. Calculate i(-3).
1
Let h(a) = -12*a**2 + 5*a - 4. Let i(b) = -13*b**2 + 6*b - 5. Let w(z) = 4*h(z) - 3*i(z). What is w(1)?
-8
Let x = 4 - 1. Let p(g) = 6*g - 3*g - g**3 - 3*g**2 - 7 + 7*g**2 + x*g. Suppose -y + 19 = 4*y + 2*a, 2*y - 3*a = 19. Determine p(y).
-2
Let r(a) = -a - 2. Let f be r(4). Let t be (3/f)/1*-6. Let u(l) = 5*l**3 - 5*l - l**3 + 2 - 4*l**2 - 3*l**t. What is u(5)?
2
Let r(q) = -2 - q - 39*q**2 + q**3 + 44*q**2 + 2*q. Determine r(-5).
-7
Let o(c) be the third derivative of c**5/60 + c**4/6 + c**3/6 + c**2. Let u(f) = f**2 + 7*f - 11. Suppose 3*g = g - 16. Let q be u(g). Give o(q).
-2
Let f(p) = -p**3 - 5*p**2 + 6*p + 5. Let l = -39 + 28. Let b be -2 + (l - -3 - -4). What is f(b)?
5
Let g(u) = 4 - 14 + u**2 - 4*u + 5. Give g(6).
7
Let t = -41 + 43. Let l(j) = 2*j**3 - 2*j - 1. Calculate l(t).
11
Let h be (-43)/9 - 2/9. Let k(j) = 7*j**3 + 13*j**2 + 4*j + 5. Let s(p) = 11*p**3 + 20*p**2 + 6*p + 8. Let o(u) = h*s(u) + 8*k(u). What is o(-3)?
3
Let m be 7*(2 + 16/(-14)). Suppose 5*j - 3 = 7. Suppose 3*z = 0, 0*z + m = -j*d + z. Let c(i) = i**3 + 3*i**2 - 2*i - 4. Determine c(d).
2
Let z(p) = 2*p + p - p**2 + 5 - 2. Let x = 40 + -36. Calculate z(x).
-1
Let g(h) = h + 1. Let a(f) = 0*f + 0 - f + 1 + 3*f. Let m(l) = 4*a(l) - 6*g(l). Calculate m(3).
4
Suppose 2 = 5*x - 13. Let v(b) be the second derivative of b**4/24 + 2*b**3/3 + 3*b**2/2 - 2*b. Let w(j) be the first derivative of v(j). What is w(x)?
7
Let p(x) = -6*x + 1. Let b be -8 + (6 - 1) - -1. What is p(b)?
13
Let t(f) = f + 3. Let c be (12/(-8))/(-3)*-10. Determine t(c).
-2
Let t be (-3)/(1 - 9/6). Let r = t + -2. Let u(y) = 4*y**2 - 8. Let f(g) = 11*g**2 - g - 23. Let s(z) = -3*f(z) + 8*u(z). Give s(r).
1
Let n be (-4)/(-26) + (-8)/52. Suppose -2*x + 0 - 4 = n. Let s(l) = 2*l + 2. What is s(x)?
-2
Suppose -i - 15 = 5*k + 4, -5*k = 3*i + 27. Let g(t) = -t**2 + 2*t + 2. Let w(r) = 2*r**2 - 2*r - 3. Let n(q) = 3*g(q) + 2*w(q). Calculate n(i).
8
Let w(s) = s - 1. Let c(i) = 2*i - 1. Let g(a) = -2*c(a) + 3*w(a). Give g(-3).
2
Let h(l) = 4*l - 2. Suppose 0 = -w + 4*w - 4*c + 3, 3*w = 2*c + 3. Determine h(w).
10
Let t(g) be the second derivative of g**5/20 + g**4/6 - g**3/2 + 2*g**2 + 3*g. Calculate t(-3).
4
Let q(l) = -3*l**3 + 13*l**2 + 10*l - 4. Let m(t) = -2*t**3 + 7*t**2 + 5*t - 2. Let k(x) = 5*m(x) - 3*q(x). What is k(-4)?
22
Let w(a) be the second derivative of a**5/10 - a**4/12 + a**3/3 - a**2/2 + a. Let k(d) = -d**3 - 7*d**2 - 8*d + 12. Let f be k(-5). What is w(f)?
15
Let q = 4 - 2. Let l = -21 - -34. Let g(z) = -2*z**3 - 12*z**2 + 2*z - z + l*z**2 - 2 + 2*z. Calculate g(q).
-8
Let m = -2 + 2. Let n(o) be the first derivative of -1 - 9*o + 1/3*o**3 - 1/2*o**2. Calculate n(m).
-9
Let u(w) = w**2 + 4*w. Let y be -4*(-6)/8 + -7 + -2. Determine u(y).
12
Let b(q) = 6*q + 0*q - q - 2*q. Determine b(-3).
-9
Let f(i) = -12*i + 35*i - 5*i - 6*i. Determine f(1).
12
Let r(k) = -6 + 13 - k**2 - 9 - 6*k. Calculate r(-4).
6
Let n = -4 + 5. Let y(d) = 6*d. Let l be y(n). Let w(h) = -2*h - 4 + h + l. What is w(0)?
2
Let b(n) = -n. Let g be (5 - 9)*(-5)/4. Determine b(g).
-5
Let c(v) = -v**2 - 5*v + 7. Let o be c(-5). Let f(i) = 0*i + 4 - 4*i - o*i + 12*i. Let k(h) = -h**2 - 5*h. Let l be k(-5). Calculate f(l).
4
Let f(i) = -i**3 + 5*i**2 - 4*i + 2. Let q be f(3). Let x = -13 + q. Let y(d) = -2*d**2 - 6*d + 0*d**3 + 6*d**2 + d**3. Give y(x).
5
Let t(u) = 0 - 1 - u**2 - 3*u**2 + 3*u - 6*u - 2*u**3. Suppose 8 = m - 2*a, -15 = -0*a + 3*a. Give t(m).
5
Let p = -29 - -31. Let q(d) be the second derivative of 1/2*d**p - 1/2*d**3 - d + 0. Give q(2).
-5
Suppose -4*r - 7 = 4*d - 7*d, -5*r + 2*d = 0. Let k(n) = 2*n - 3. Give k(r).
1
Let r(x) = -1 - 3*x + 4 - 4. Suppose 10 = 2*c - 0*c. Suppose -c*v + 6 = -2*v. Determine r(v).
-7
Let f(q) = 2*q + 3. Let z be (8/(-2))/1 - 5/(-5). What is f(z)?
-3
Let h(t) = t - 2*t + 4 + t**2 + 0*t**2 - 3*t. What is h(3)?
1
Let g(n) = -3 + 2*n + 2*n - 5*n + 5. Determine g(-3).
5
Let r(h) be the second derivative of h**3/3 + h**2/2 + 5*h. Calculate r(-3).
-5
Suppose -16*y = -12*y - 16. Let g(v) be the third derivative of 0 - 1/24*v**y - 2*v**2 - 1/6*v**3 + 0*v. Give g(1).
-2
Suppose -2*w + 10 = 3*c, -4*c + 4*w - 17 = 3. Let h(m) = -m**2 + m - 3. Calculate h(c).
-3
Let y(h) be the third derivative of -h**4/24 + h**3/2 - 3*h**2. Let q be 4 - (4/(-2) + 3). Suppose q*l = 4*z + 11 + 11, -4*z = 16. Give y(l).
1
Let r(c) = c**3 - 7*c**2 - c - 5. Let b be r(7). Let n = 13 + b. Let f(h) = h**3. Give f(n).
1
Let j(y) = -y + 3. Let c = 5 - 2. Suppose -2*r = c*r + 25, -2*r = u - 1. Let x = u - 5. Calculate j(x).
-3
Let f(j) = j**2 - 5*j + 3. Let c(z) = -5*z**2 + 25*z - 16. Let r(q) = 2*c(q) + 11*f(q). Let g(d) = d**2 - 6*d + 2. Let b(u) = -3*g(u) + 2*r(u). Determine b(6).
8
Let h = -1 - -4. Let b(u) be the first derivative of u**4/4 - u**3 + u**2/2 + 4*u + 2. What is b(h)?
7
Let d(q) = q - 2. Suppose 3*o - 30 = 5*w, -4*o + 0 = -3*w - 29. Let f(c) = -3 + o + 0 + c - 1. Let l be f(0). Give d(l).
-1
Let o(g) = 251 - 490 + 244 + g. Give o(4).
9
Let w(l) = -l**3 + 4*l**2 - 4*l - 1. Suppose -h = -0*h + 9. Let d be (3/9)/((-1)/h). What is w(d)?
-4
Let z = 5 + -1. Let n be 12/(4 - 0) - z. Let u(f) = 4*f**2 - f. Give u(n).
5
Let x(a) be the third derivative of -a**5/60 + a**4/6 - a**3/3 + a**2. Let c = 57 + -55. Determine x(c).
2
Let g(n) be the first derivative of 1 + 1/24*n**4 - 1/30*n**5 + 0*n + 3/40*n**6 + n**2 + 0*n**3. Let v(z) be the second derivative of g(z). Calculate v(1).
8
Let l(a) = -22 - 6*a + 4*a + 8. Calculate l(-10).
6
Let c be (-6)/(-2) + 1/(-1). Let z(a) = -6*a**3 + 10*a**2 - 3*a - 10. Let u(r) = 5*r**3 - 9*r**2 + 3*r + 8. Let y(w) = 5*u(w) + 4*z(w). Determine y(c).
-6
Suppose 3 = -2*t + 3*t. Let u(f) = -6*f**2 + 4*f + 4. Let o = 9 + -5. Let i(q) = -q**2 + 1. Let z(b) = o*i(b) - u(b). Give z(t).
6
Let p be ((-8)/12)/((-2)/9). Let r(q) be the second derivative of -9/2*q**2 + 1/6*q**p - q + 0. What is r(4)?
-5
Suppose -3*b = -8*b + 2*j + 19, -4*b = 2*j - 26. Let w(s) = b*s**2 - 2 + 4*s + 2*s + s**3 - 2*s**2 + 5*s**2. Determine w(-7).
5
Let r(l) = -l**3 + 3*l**2 - 2. Let w be r(2). Let p(q) = -4*q**2